{"id":605,"date":"2017-08-12T16:25:06","date_gmt":"2017-08-12T22:25:06","guid":{"rendered":"http:\/\/blogs.adosclicks.net\/rafaelalba\/?page_id=605"},"modified":"2018-02-11T17:55:28","modified_gmt":"2018-02-11T23:55:28","slug":"spanish","status":"publish","type":"page","link":"https:\/\/blogs.adosclicks.net\/rafaelalba\/spanish\/","title":{"rendered":"Spanish"},"content":{"rendered":"<p>This page contains on-line resources that can help you learn Spanish.<\/p>\n<p>[Disclaimer: I am trying to collect free on-line resources, but I have nothing to do with these sites&#8230; and they may have free and paid resources as well. All the links are third party sites. Use at your own risk. Thank you!]<\/p>\n<p>Pronunciation:<\/p>\n<ul>\n<li><a href=\"http:\/\/studyspanish.com\/pronunciation\" target=\"_blank\" rel=\"noopener noreferrer\">StudySpanish.com: Spanish pronunciation.<\/a><\/li>\n<\/ul>\n<p>Grammar:<\/p>\n<ul>\n<li><a href=\"http:\/\/studyspanish.com\/grammar\" target=\"_blank\" rel=\"noopener noreferrer\">StudySpanish.com: Spanish grammar.<\/a><\/li>\n<li><a href=\"http:\/\/studyspanish.com\/verbs\" target=\"_blank\" rel=\"noopener noreferrer\">StudySpanish.com: Verb drills.<\/a><\/li>\n<li><a href=\"https:\/\/conjuguemos.com\/activities\/spanish\/verb\/1\" target=\"_blank\" rel=\"noopener noreferrer\">Conjuguemos.com: Verb activities.<\/a><\/li>\n<li><a href=\"https:\/\/conjuguemos.com\/activities\/spanish\/grammar\/1\" target=\"_blank\" rel=\"noopener noreferrer\">Conjuguemos.com: Spanish grammar activities.<\/a><\/li>\n<li>Spanish Grammar Online: <a href=\"http:\/\/www.bowdoin.edu\/hispanic-studies\/tools\/newgr\/ats\/\" target=\"_blank\" rel=\"noopener\">Bowdoin<\/a><\/li>\n<\/ul>\n<p>Vocabulary:<\/p>\n<ul>\n<li><a href=\"http:\/\/studyspanish.com\/vocab\" target=\"_blank\" rel=\"noopener noreferrer\">StudySpanish.com: Spanish vocabulary.<\/a><\/li>\n<li><a href=\"https:\/\/conjuguemos.com\/activities\/spanish\/vocabulary\/theme\" target=\"_blank\" rel=\"noopener noreferrer\">Conjuguemos.com: Thematic vocabulary lists.<\/a><\/li>\n<li><a href=\"https:\/\/drive.google.com\/drive\/folders\/0B_r0j_RgRtI6VWdxZjUzNl9XeE0?usp=sharing\" target=\"_blank\" rel=\"noopener noreferrer\">Vocabulary folder<\/a>\u00a0(you need to log in with your District account).<\/li>\n<\/ul>\n<p>Interesting sites:<\/p>\n<ul>\n<li><a href=\"http:\/\/cvc.cervantes.es\/ensenanza\/mimundo\/\" target=\"_blank\" rel=\"noopener noreferrer\">Centro Virtual Cervantes: Mi mundo en palabras.<\/a><\/li>\n<li><a href=\"http:\/\/www.ver-taal.com\/index.htm\" target=\"_blank\" rel=\"noopener noreferrer\">Ver-taal: Ejercicios de espa\u00f1ol para extranjeros.<\/a><\/li>\n<li><a href=\"http:\/\/www.wikilengua.org\/index.php\/Portada\" target=\"_blank\" rel=\"noopener noreferrer\">Wikilengua en espa\u00f1ol.<\/a><\/li>\n<li><a href=\"http:\/\/www.laits.utexas.edu\/spe\/index.html\" target=\"_blank\" rel=\"noopener noreferrer\">Spanish Proficiency Exercises. UT Austin.<\/a><\/li>\n<li><a href=\"http:\/\/www.songsforlanguages.com\/\" target=\"_blank\" rel=\"noopener noreferrer\">Songs for Languages.<\/a><\/li>\n<li><a href=\"http:\/\/www.spanishdict.com\/\" target=\"_blank\" rel=\"noopener noreferrer\">Span\u00a1shD!ct.<\/a><\/li>\n<li><a href=\"https:\/\/www.youtube.com\/user\/SpanishDict\" target=\"_blank\" rel=\"noopener\">SpanishDict (youtube).<\/a><\/li>\n<li><a href=\"https:\/\/www.youtube.com\/channel\/UCFFWaFIxy9T7--dFu5MgK1A\" target=\"_blank\" rel=\"noopener noreferrer\">Go Spanish now (youtube channel)<\/a>.<\/li>\n<li><a href=\"https:\/\/en.duolingo.com\/course\/es\/en\/Learn-Spanish-Online\" target=\"_blank\" rel=\"noopener\">Duolingo-Spanish.<\/a><\/li>\n<li><a href=\"http:\/\/personal.colby.edu\/~bknelson\/SLC\/\" target=\"_blank\" rel=\"noopener\">Spanish language &amp; culture.<\/a><\/li>\n<li><a href=\"https:\/\/www.youtube.com\/channel\/UCHxPaTHYjVanbEGLf8CANiQ\" target=\"_blank\" rel=\"noopener\">YouStudySpanish (youtube).<\/a><\/li>\n<li><a href=\"https:\/\/www.youtube.com\/user\/Rockalingua\" target=\"_blank\" rel=\"noopener\">Rockalingua (youtube, only some videos are free).<\/a><\/li>\n<li><a href=\"https:\/\/www.youtube.com\/user\/mindymarissa\" target=\"_blank\" rel=\"noopener\">Mindimarisa (youtube, songs for children).<\/a><\/li>\n<li><a title=\"On line resources \" href=\"https:\/\/drive.google.com\/file\/d\/0BzonyLYdaDOFYlVFa09kWk9qUWM\/view\" target=\"_blank\" rel=\"noopener noreferrer\">Recursos en l\u00ednea para la ense\u00f1anza del espa\u00f1ol como lengua extranjera (2012).<\/a><\/li>\n<\/ul>\n<p>Special characters (\u00f1, \u00e1, \u00e9, \u00ed, \u00f3, \u00fa&#8230;)<\/p>\n<ul>\n<li><a href=\"http:\/\/www.notengoenie.com\/\" target=\"_blank\" rel=\"noopener noreferrer\">No tengo \u00d1<\/a><\/li>\n<li><a href=\"https:\/\/www.spanishdict.com\/guide\/how-to-type-spanish-accents-and-letters\" target=\"_blank\" rel=\"noopener noreferrer\">How to type Spanish accents and letters<\/a><\/li>\n<li><a href=\"https:\/\/gaillegrand.com\/2013\/09\/23\/accents-for-the-spanish-language-on-the-chromebook\/\" target=\"_blank\" rel=\"noopener noreferrer\">Accents for the Spanish language on the Chromebook<\/a><\/li>\n<\/ul>\n<p>Spanish for Spanish Speakers (heritage learners):<\/p>\n<ul>\n<li><a href=\"http:\/\/www.gominolabs.com\/\" target=\"_blank\" rel=\"noopener noreferrer\">Gominolabs<\/a>. Practica diferentes aspectos de la lengua espa\u00f1ola.<\/li>\n<li><a href=\"https:\/\/aprenderespanol.org\/verbos\/verbos-recursos-imprimibles.html\" target=\"_blank\" rel=\"noopener noreferrer\">AprenderEspa\u00f1ol<\/a>. Ejercicios de verbos (imprimibles).<\/li>\n<li><a href=\"https:\/\/orientacionandujar.files.wordpress.com\/2011\/11\/tiempos-verbales-espac3b1ol.pdf\" target=\"_blank\" rel=\"noopener noreferrer\">Orientaci\u00f3nAnd\u00fajar<\/a>. Conjugaciones verbales (imprimibles).<\/li>\n<li><a href=\"http:\/\/www.aulaplaneta.com\/2015\/05\/27\/recursos-tic\/diez-infografias-para-evitar-las-faltas-ortograficas\/\" target=\"_blank\" rel=\"noopener noreferrer\">Diez infograf\u00edas para evitar las faltas ortogr\u00e1ficas (AulaPlaneta)<\/a>.<\/li>\n<\/ul>\n","protected":false},"excerpt":{"rendered":"<p>This page contains on-line resources that can help you learn Spanish. [Disclaimer: I am trying to collect free on-line resources, but I have nothing to do with these sites&#8230; and they may have free and paid resources as well. All&hellip;<\/p>\n<p class=\"more-link-p\"><a class=\"more-link\" href=\"https:\/\/blogs.adosclicks.net\/rafaelalba\/spanish\/\">Read more &rarr;<\/a><\/p>\n","protected":false},"author":22,"featured_media":0,"parent":0,"menu_order":0,"comment_status":"closed","ping_status":"closed","template":"","meta":{"footnotes":""},"class_list":["post-605","page","type-page","status-publish","hentry"],"_links":{"self":[{"href":"https:\/\/blogs.adosclicks.net\/rafaelalba\/wp-json\/wp\/v2\/pages\/605","targetHints":{"allow":["GET"]}}],"collection":[{"href":"https:\/\/blogs.adosclicks.net\/rafaelalba\/wp-json\/wp\/v2\/pages"}],"about":[{"href":"https:\/\/blogs.adosclicks.net\/rafaelalba\/wp-json\/wp\/v2\/types\/page"}],"author":[{"embeddable":true,"href":"https:\/\/blogs.adosclicks.net\/rafaelalba\/wp-json\/wp\/v2\/users\/22"}],"replies":[{"embeddable":true,"href":"https:\/\/blogs.adosclicks.net\/rafaelalba\/wp-json\/wp\/v2\/comments?post=605"}],"version-history":[{"count":14,"href":"https:\/\/blogs.adosclicks.net\/rafaelalba\/wp-json\/wp\/v2\/pages\/605\/revisions"}],"predecessor-version":[{"id":729,"href":"https:\/\/blogs.adosclicks.net\/rafaelalba\/wp-json\/wp\/v2\/pages\/605\/revisions\/729"}],"wp:attachment":[{"href":"https:\/\/blogs.adosclicks.net\/rafaelalba\/wp-json\/wp\/v2\/media?parent=605"}],"curies":[{"name":"wp","href":"https:\/\/api.w.org\/{rel}","templated":true}]}}